{"id":3990,"date":"2024-06-07T13:29:52","date_gmt":"2024-06-07T13:29:52","guid":{"rendered":"https:\/\/guiadoscursos.uab.pt\/?post_type=ucs&#038;p=3990"},"modified":"2026-05-01T12:35:26","modified_gmt":"2026-05-01T12:35:26","slug":"integracao-e-politicas-europeias","status":"publish","type":"ucs","link":"https:\/\/guiadoscursos.uab.pt\/en\/ucs\/integracao-e-politicas-europeias\/","title":{"rendered":"Integra\u00e7\u00e3o e Pol\u00edticas Europeias"},"featured_media":0,"template":"","oferta_uci":"1","courses":[{"cd_uc":"61096","cd_curso":"3103","nm_curso":"Licenciatura em Estudos Europeus","link_curso":"https:\/\/guiadoscursos.uab.pt\/en\/cursos\/licenciatura-em-estudos-europeus\/","cd_ciclo":"1","thumbnail":"https:\/\/guiadoscursos.uab.pt\/wp-content\/uploads\/2022\/03\/img_lee.png"}],"_links":{"self":[{"href":"https:\/\/guiadoscursos.uab.pt\/en\/wp-json\/wp\/v2\/ucs\/3990"}],"collection":[{"href":"https:\/\/guiadoscursos.uab.pt\/en\/wp-json\/wp\/v2\/ucs"}],"about":[{"href":"https:\/\/guiadoscursos.uab.pt\/en\/wp-json\/wp\/v2\/types\/ucs"}],"wp:attachment":[{"href":"https:\/\/guiadoscursos.uab.pt\/en\/wp-json\/wp\/v2\/media?parent=3990"}],"curies":[{"name":"wp","href":"https:\/\/api.w.org\/{rel}","templated":true}]}}

Integração e Políticas Europeias
