{"id":1911,"date":"2022-06-24T15:35:59","date_gmt":"2022-06-24T15:35:59","guid":{"rendered":"https:\/\/guiadoscursos.uab.pt\/?post_type=ucs&#038;p=1911"},"modified":"2026-05-02T03:35:17","modified_gmt":"2026-05-02T03:35:17","slug":"historia-poderes-e-representacoes","status":"publish","type":"ucs","link":"https:\/\/guiadoscursos.uab.pt\/en\/ucs\/historia-poderes-e-representacoes\/","title":{"rendered":"Hist\u00f3ria, Poderes e Representa\u00e7\u00f5es"},"featured_media":0,"template":"","oferta_uci":"0","courses":[{"cd_uc":"32107","cd_curso":"3204","nm_curso":"Mestrado em Estudos Portugueses Multidisciplinares","link_curso":"https:\/\/guiadoscursos.uab.pt\/en\/cursos\/mestrado-em-estudos-portugueses-multidisciplinares\/","cd_ciclo":"2","thumbnail":"https:\/\/guiadoscursos.uab.pt\/wp-content\/uploads\/2022\/03\/img_mepm.png"}],"_links":{"self":[{"href":"https:\/\/guiadoscursos.uab.pt\/en\/wp-json\/wp\/v2\/ucs\/1911"}],"collection":[{"href":"https:\/\/guiadoscursos.uab.pt\/en\/wp-json\/wp\/v2\/ucs"}],"about":[{"href":"https:\/\/guiadoscursos.uab.pt\/en\/wp-json\/wp\/v2\/types\/ucs"}],"wp:attachment":[{"href":"https:\/\/guiadoscursos.uab.pt\/en\/wp-json\/wp\/v2\/media?parent=1911"}],"curies":[{"name":"wp","href":"https:\/\/api.w.org\/{rel}","templated":true}]}}

História, Poderes e Representações
