{"id":1513,"date":"2022-06-14T09:35:01","date_gmt":"2022-06-14T09:35:01","guid":{"rendered":"https:\/\/guiadoscursos.uab.pt\/?post_type=ucs&#038;p=1513"},"modified":"2026-05-02T12:35:22","modified_gmt":"2026-05-02T12:35:22","slug":"sintaxe-semantica-e-pragmatica-do-portugues","status":"publish","type":"ucs","link":"https:\/\/guiadoscursos.uab.pt\/en\/ucs\/sintaxe-semantica-e-pragmatica-do-portugues\/","title":{"rendered":"Sintaxe, Sem\u00e2ntica e Pragm\u00e1tica do Portugu\u00eas"},"featured_media":0,"template":"","oferta_uci":"1","courses":[{"cd_uc":"51158","cd_curso":"3101","nm_curso":"Licenciatura em L\u00ednguas Aplicadas","link_curso":"https:\/\/guiadoscursos.uab.pt\/en\/cursos\/licenciatura-em-linguas-aplicadas\/","cd_ciclo":"1","thumbnail":"https:\/\/guiadoscursos.uab.pt\/wp-content\/uploads\/2022\/03\/Licenciatura-Linguas-Aplicadas_Imagem-Grafica_Portal.png"},{"cd_uc":"51158","cd_curso":"5105","nm_curso":"Licenciatura em Humanidades","link_curso":"https:\/\/guiadoscursos.uab.pt\/en\/cursos\/licenciatura-em-humanidades\/","cd_ciclo":"1","thumbnail":"https:\/\/guiadoscursos.uab.pt\/wp-content\/uploads\/2022\/03\/img_lhu.png"}],"_links":{"self":[{"href":"https:\/\/guiadoscursos.uab.pt\/en\/wp-json\/wp\/v2\/ucs\/1513"}],"collection":[{"href":"https:\/\/guiadoscursos.uab.pt\/en\/wp-json\/wp\/v2\/ucs"}],"about":[{"href":"https:\/\/guiadoscursos.uab.pt\/en\/wp-json\/wp\/v2\/types\/ucs"}],"wp:attachment":[{"href":"https:\/\/guiadoscursos.uab.pt\/en\/wp-json\/wp\/v2\/media?parent=1513"}],"curies":[{"name":"wp","href":"https:\/\/api.w.org\/{rel}","templated":true}]}}

Sintaxe, Semântica e Pragmática do Português

Licenciatura em Línguas Aplicadas
