{"id":1460,"date":"2022-06-24T15:36:00","date_gmt":"2022-06-24T15:36:00","guid":{"rendered":"https:\/\/guiadoscursos.uab.pt\/?post_type=ucs&#038;p=1460"},"modified":"2026-04-30T02:35:20","modified_gmt":"2026-04-30T02:35:20","slug":"transnacionalismo-pertencas-e-integracao-social","status":"publish","type":"ucs","link":"https:\/\/guiadoscursos.uab.pt\/en\/ucs\/transnacionalismo-pertencas-e-integracao-social\/","title":{"rendered":"Transnacionalismo, Perten\u00e7as e Integra\u00e7\u00e3o Social"},"featured_media":0,"template":"","oferta_uci":"0","courses":[{"cd_uc":"42007","cd_curso":"4201","nm_curso":"Mestrado em Rela\u00e7\u00f5es Interculturais","link_curso":"https:\/\/guiadoscursos.uab.pt\/en\/cursos\/mestrado-em-relacoes-interculturais\/","cd_ciclo":"2","thumbnail":"https:\/\/guiadoscursos.uab.pt\/wp-content\/uploads\/2022\/03\/img_mri.png"}],"_links":{"self":[{"href":"https:\/\/guiadoscursos.uab.pt\/en\/wp-json\/wp\/v2\/ucs\/1460"}],"collection":[{"href":"https:\/\/guiadoscursos.uab.pt\/en\/wp-json\/wp\/v2\/ucs"}],"about":[{"href":"https:\/\/guiadoscursos.uab.pt\/en\/wp-json\/wp\/v2\/types\/ucs"}],"wp:attachment":[{"href":"https:\/\/guiadoscursos.uab.pt\/en\/wp-json\/wp\/v2\/media?parent=1460"}],"curies":[{"name":"wp","href":"https:\/\/api.w.org\/{rel}","templated":true}]}}

Transnacionalismo, Pertenças e Integração Social

Mestrado em Relações Interculturais
