{"id":1448,"date":"2022-06-14T09:35:00","date_gmt":"2022-06-14T09:35:00","guid":{"rendered":"https:\/\/guiadoscursos.uab.pt\/?post_type=ucs&#038;p=1448"},"modified":"2026-05-02T03:35:19","modified_gmt":"2026-05-02T03:35:19","slug":"intervencao-social-e-deficiencia","status":"publish","type":"ucs","link":"https:\/\/guiadoscursos.uab.pt\/en\/ucs\/intervencao-social-e-deficiencia\/","title":{"rendered":"Interven\u00e7\u00e3o Social e Defici\u00eancia"},"featured_media":0,"template":"","oferta_uci":"0","courses":[{"cd_uc":"41112","cd_curso":"4101","nm_curso":"Licenciatura em Ci\u00eancias Sociais","link_curso":"https:\/\/guiadoscursos.uab.pt\/en\/cursos\/licenciatura-em-ciencias-sociais\/","cd_ciclo":"1","thumbnail":"https:\/\/guiadoscursos.uab.pt\/wp-content\/uploads\/2022\/03\/img_lcs.png"}],"_links":{"self":[{"href":"https:\/\/guiadoscursos.uab.pt\/en\/wp-json\/wp\/v2\/ucs\/1448"}],"collection":[{"href":"https:\/\/guiadoscursos.uab.pt\/en\/wp-json\/wp\/v2\/ucs"}],"about":[{"href":"https:\/\/guiadoscursos.uab.pt\/en\/wp-json\/wp\/v2\/types\/ucs"}],"wp:attachment":[{"href":"https:\/\/guiadoscursos.uab.pt\/en\/wp-json\/wp\/v2\/media?parent=1448"}],"curies":[{"name":"wp","href":"https:\/\/api.w.org\/{rel}","templated":true}]}}

Intervenção Social e Deficiência

Licenciatura em Ciências Sociais
