{"id":1159,"date":"2022-06-24T15:35:53","date_gmt":"2022-06-24T15:35:53","guid":{"rendered":"https:\/\/guiadoscursos.uab.pt\/?post_type=ucs&#038;p=1159"},"modified":"2026-05-01T21:35:05","modified_gmt":"2026-05-01T21:35:05","slug":"fundamentos-teoricos-de-organizacao-e-de-administracao-educacional","status":"publish","type":"ucs","link":"https:\/\/guiadoscursos.uab.pt\/en\/ucs\/fundamentos-teoricos-de-organizacao-e-de-administracao-educacional\/","title":{"rendered":"Fundamentos Te\u00f3ricos de Organiza\u00e7\u00e3o e de Administra\u00e7\u00e3o Educacional"},"featured_media":0,"template":"","oferta_uci":"0","courses":[{"cd_uc":"12066","cd_curso":"1206","nm_curso":"Mestrado em Administra\u00e7\u00e3o e Gest\u00e3o Educacional","link_curso":"https:\/\/guiadoscursos.uab.pt\/en\/cursos\/mestrado-em-administracao-e-gestao-educacional\/","cd_ciclo":"2","thumbnail":"https:\/\/guiadoscursos.uab.pt\/wp-content\/uploads\/2022\/03\/img_mage.png"}],"_links":{"self":[{"href":"https:\/\/guiadoscursos.uab.pt\/en\/wp-json\/wp\/v2\/ucs\/1159"}],"collection":[{"href":"https:\/\/guiadoscursos.uab.pt\/en\/wp-json\/wp\/v2\/ucs"}],"about":[{"href":"https:\/\/guiadoscursos.uab.pt\/en\/wp-json\/wp\/v2\/types\/ucs"}],"wp:attachment":[{"href":"https:\/\/guiadoscursos.uab.pt\/en\/wp-json\/wp\/v2\/media?parent=1159"}],"curies":[{"name":"wp","href":"https:\/\/api.w.org\/{rel}","templated":true}]}}

Fundamentos Teóricos de Organização e de Administração Educacional

Mestrado em Administração e Gestão Educacional
