{"id":8,"date":"2022-03-31T23:40:03","date_gmt":"2022-03-31T23:40:03","guid":{"rendered":"https:\/\/guiadoscursos.uab.pt\/?post_type=cursos&#038;p=8"},"modified":"2026-05-01T21:30:02","modified_gmt":"2026-05-01T21:30:02","slug":"mestrado-em-administracao-e-gestao-educacional","status":"publish","type":"cursos","link":"https:\/\/guiadoscursos.uab.pt\/en\/cursos\/mestrado-em-administracao-e-gestao-educacional\/","title":{"rendered":"Mestrado em Administra\u00e7\u00e3o e Gest\u00e3o Educacional"},"featured_media":3070,"template":"","_links":{"self":[{"href":"https:\/\/guiadoscursos.uab.pt\/en\/wp-json\/wp\/v2\/cursos\/8"}],"collection":[{"href":"https:\/\/guiadoscursos.uab.pt\/en\/wp-json\/wp\/v2\/cursos"}],"about":[{"href":"https:\/\/guiadoscursos.uab.pt\/en\/wp-json\/wp\/v2\/types\/cursos"}],"wp:featuredmedia":[{"embeddable":true,"href":"https:\/\/guiadoscursos.uab.pt\/en\/wp-json\/wp\/v2\/media\/3070"}],"wp:attachment":[{"href":"https:\/\/guiadoscursos.uab.pt\/en\/wp-json\/wp\/v2\/media?parent=8"}],"curies":[{"name":"wp","href":"https:\/\/api.w.org\/{rel}","templated":true}]}}

Mestrado em Administração e Gestão Educacional
